- 30/135. Calculate the highest common factor of d and s.
14
Suppose 10*s - 15*s = -4*m + 72, 3*s = 5*m - 90. Calculate the greatest common factor of m and 378.
18
Suppose 5*i = -a - 1 + 41, 4*a - 96 = -4*i. Let v be (-863)/(-2)*(-3 - (2 + -7)). Suppose 0 = 6*m + 263 - v. What is the greatest common divisor of m and a?
20
Let s be -2 + 98 + -1 - 4. Let h be (7 + 0)*702/s. What is the greatest common factor of 18 and h?
18
Let v(j) = j + 14. Let t be v(-14). Suppose -7*f + 6*f + 36 = t. Calculate the greatest common divisor of 27 and f.
9
Suppose -2*m + 266 = 2*y, 4*m - 251 = -2*y - m. Calculate the highest common factor of y and 69.
69
Suppose 2*l - 3*l + 221 = 5*h, 4*l - 861 = 3*h. Calculate the highest common factor of 54 and l.
54
Let r be ((-2)/6)/(10/(-930)). Let m = 39 - r. What is the highest common factor of 1 and m?
1
Suppose 3*l = 4*p + 18 - 2, 3 = -3*p. Suppose 161 + 239 = l*j. What is the highest common divisor of j and 40?
20
Let b be -7 + 603/(-54)*-6. What is the highest common factor of 1020 and b?
60
Suppose 0 = 2*q + 8, -4*t = -q - 50 - 2. Let g be 225/t - 2/(-8). Calculate the greatest common divisor of g and 57.
19
Let f = 101 + -96. Calculate the highest common divisor of f and 30.
5
Suppose p = 5*v + 44, -19 = 5*v - 4. What is the highest common factor of p and 145?
29
Let s be 169/8 - (-11)/(-88). What is the greatest common divisor of 91 and s?
7
Let j(b) = -b - 23. Let n be j(-10). Let f = 10 - n. What is the highest common factor of f and 161?
23
Let z be ((-200)/3)/((-8)/(-36)). Let q be z/(-2)*(-2 + 3). What is the greatest common divisor of q and 60?
30
Suppose -3*d + 2 + 9 = -p, d - 5*p - 13 = 0. Suppose 55 = 5*v - g, -3*v - d*g + 44 = v. What is the highest common factor of v and 66?
11
Suppose 0*u - 5*u + 100 = 0. Suppose -v = 4*v - 25. Let t = v + 0. Calculate the greatest common divisor of u and t.
5
Let j = 333 + -332. What is the greatest common divisor of 9 and j?
1
Let b = 58 - 56. Suppose 14 = 4*o + 2*g, 4*g - 6 = 2*g. Suppose -4*q + 28 = o*f, 0*f - 4 = -b*f + 2*q. Calculate the highest common divisor of 6 and f.
6
Let w(d) = 25*d - 326. Let g be w(16). What is the greatest common factor of g and 925?
37
Let i be ((-1)/2)/((-5)/20). Let v be (11 - 9)/(i/(-7)). Let d = -2 - v. What is the highest common divisor of 5 and d?
5
Let m be (-203 + 139)/(2/(-4)). Let l be (144/(-15))/(6/(-20)). What is the greatest common divisor of m and l?
32
Suppose 2 = 4*l + 2*t, 5*t + 28 = 2*l - l. Let d be l + -2 + 3 + 38. What is the greatest common factor of 70 and d?
14
Let i(m) = 6*m + 4. Let s be i(12). What is the highest common factor of s and 19?
19
Let n(h) = -15*h**3 - 2*h - 1. Let y be n(-1). Let r be (-4)/(y/(-6))*2. Suppose 7*k - r*k = 40. What is the greatest common factor of 30 and k?
10
Let s = 286 - 235. What is the highest common factor of 51 and s?
51
Let j(v) = -3*v + 16. Let f be j(-2). Suppose 2*r + 2*k - 41 - 25 = 0, 2*r = 3*k + 66. What is the highest common divisor of r and f?
11
Let w be 8 + 5/10*-10. Suppose -4*l - 359 = -3*b, -4*b + 251 = -w*l - 230. Calculate the highest common factor of b and 11.
11
Let y be (11/(-2))/(3/(-18)). Let n = -1306 - -1317. Calculate the greatest common divisor of y and n.
11
Let o = 8 + -20. Let l(w) = -w**2 - 10*w + 36. Let u be l(o). Calculate the greatest common factor of u and 132.
12
Let n be -1 + ((-2)/(-4) - 168/(-16)). Suppose -4*m + 2394 = n*m. Calculate the highest common divisor of 19 and m.
19
Let h = -6 + -7. Let j = 1 - h. Calculate the greatest common factor of 2 and j.
2
Let n = 7156 + -1954. Calculate the greatest common divisor of 18 and n.
18
Let u(o) = o**3 + 15*o**2 - 17*o + 26. Let p be u(-16). Let r be (56/p)/((-2)/(-6)). What is the greatest common divisor of 16 and r?
4
Let w be -7*(0 - 1) + 1. Let r(f) = 2*f**2 - 6*f + 4. Let d be r(4). Let h be (-4 - (-60)/9)*d. What is the greatest common divisor of h and w?
8
Let v(m) = -m**3 - 2*m**2 - 2*m - 2. Let l be -1*(2 + 16) + -1. Let d = l + 13. Let f be v(d). What is the highest common factor of 14 and f?
14
Suppose 184*s - 47 = 183*s. Calculate the greatest common divisor of 1504 and s.
47
Let g(f) = f**3 + 17*f**2 - 38*f + 2. Let x be g(-19). What is the highest common factor of 16 and x?
2
Suppose 3*a - 19 = 2*a. Let w = a + -13. Suppose -5*y = o - 174, -4*y - 4*o + 146 + w = 0. What is the highest common divisor of 17 and y?
17
Let o = -17 - -22. Suppose -5*d - 3*h = 15 - 130, 5*d - 75 = o*h. Let r be (-12)/9*(-45)/d. Calculate the greatest common divisor of r and 3.
3
Let a(x) = -x**3 + 11*x**2 + 23*x - 37. Let c be a(11). What is the highest common divisor of 459 and c?
27
Suppose 0 = -34*c + 30*c + 12. Let o be 162 + 0*c/12. Calculate the greatest common factor of 18 and o.
18
Let y = -7 + 14. Suppose -11 = y*k - 46. Suppose 5*h = k*a + 175, 0 = 2*h - 0*h + 4*a - 64. Calculate the highest common divisor of 136 and h.
34
Let t be -7*(-1)/(14/60). Suppose -d + 5*k = -6, -t = -4*d - d + 3*k. Calculate the highest common factor of 18 and d.
6
Let n(f) = f**3 + 9*f**2 - 10*f + 10. Let o be n(-9). Calculate the greatest common divisor of o and 350.
50
Suppose -4*y + 26 = 2*s, -y = y + 2*s - 10. Suppose -4*z = -a, -2*z - y = -5*a + 10. Calculate the highest common divisor of 14 and a.
2
Let x be ((-4)/10)/(4 + 81/(-20)). Let p(z) = -z**2 + z + 6. Let d be p(0). Suppose -d*g + 216 = -3*g. What is the highest common factor of x and g?
8
Suppose -6*u = -44 + 8. Let q(p) = 11*p + 5. Let z be q(u). Suppose z = 5*g + 21. What is the highest common factor of g and 90?
10
Suppose 3*q = 6, 9*q - 4*q = -4*b - 50. Let d be (36/b)/(24/(-320)). What is the highest common divisor of d and 16?
16
Let f(o) = 2*o + 5*o + 8*o - 8*o - 2 - o**2. Let a be f(5). Suppose -37 - 27 = -4*u. Calculate the highest common divisor of u and a.
8
Let d be 8/6*(-15)/1. Let v = -11 - d. Let n be v + -8 + (-4)/(-2). Calculate the highest common divisor of n and 15.
3
Suppose -j + 4*t = -1844, -2*j - t = -1938 - 1732. What is the highest common divisor of j and 216?
108
Suppose -3*w - 12 = -2*i, -7*i - 44 = -12*i + 4*w. Suppose -8*d = -i - 4. What is the greatest common divisor of d and 8?
2
Let f = -70 + 86. What is the highest common divisor of f and 144?
16
Let s(d) = 31*d + 14. Let a be s(14). Suppose -356 = -4*h + 2*y + 4, 5*h = 3*y + a. Let b = -50 + h. What is the greatest common divisor of b and 63?
21
Let s(y) = -y**3 + y**2 + y + 36. Let z be s(0). Let k(o) = 32*o + 1. Let u be k(2). Let a = u + -56. Calculate the highest common factor of z and a.
9
Let v be (-1)/(1/(-78) - 0). Let w = -71 + 54. Let s = w + 30. Calculate the greatest common factor of v and s.
13
Let d(g) = -76*g + 2435. Let u be d(32). Suppose -3*s - 15 = -f, 6*s = s - 20. Calculate the greatest common divisor of f and u.
3
Let m(z) = -z**3 + 25*z**2 + 22*z + 110. Let w be m(26). Let k = 65 - 23. What is the highest common factor of w and k?
6
Suppose 14 = -58*x + 478. Suppose -69 - 31 = -5*y. Calculate the highest common divisor of x and y.
4
Let c be (-15)/10 + 38/4. Let y(r) = r**2 + c + 14 + r**3 + r + 0*r**2 + 0. Let a be y(0). Calculate the highest common divisor of 110 and a.
22
Let g be -2*(0 - 35/2). Suppose 18*k = 20*k - 4. Suppose k*t - 7 = t. Calculate the highest common factor of t and g.
7
Let v be 60 - ((-3 - -3) + 2). Let z = -50 + v. What is the greatest common factor of 8 and z?
8
Let y = 37 - -5. Let d(c) = -5*c**2 - c + 12. Let l(k) = k**2 - k - 1. Let z(q) = d(q) + 6*l(q). Let f be z(7). What is the highest common factor of f and y?
6
Suppose -a - 4*l + 38 = -36, -3*a - 4*l = -206. Calculate the highest common divisor of a and 99.
33
Suppose 3*r = 2*r - 30. Let g = r - -78. Calculate the greatest common factor of 6 and g.
6
Suppose 20*a = 8*a + 120. Let u = -12 - -22. Calculate the highest common divisor of a and u.
10
Let s = 230 - 126. Let x = -76 + s. Calculate the highest common divisor of 21 and x.
7
Let j(k) = -51*k - 345. Let m be j(-7). Calculate the highest common factor of 972 and m.
12
Let q be (-4 - -1)*10/(-3). What is the highest common divisor of q and 310?
10
Let o be (33/9)/(1/3). Suppose 0 = -4*z + 9*z. Suppose z = -4*g + 3*g + 77. What is the greatest common divisor of g and o?
11
Let l be (0/6 - 5)*-1. Suppo